{"id":295,"date":"2025-12-18T12:04:08","date_gmt":"2025-12-18T11:04:08","guid":{"rendered":"https:\/\/tasunka.pl\/?post_type=product&#038;p=295"},"modified":"2026-01-06T11:20:22","modified_gmt":"2026-01-06T10:20:22","slug":"bransoletka-sukces-i-bogactwo","status":"publish","type":"product","link":"https:\/\/tasunka.pl\/?product=bransoletka-sukces-i-bogactwo","title":{"rendered":"Bransoletka Bogactwo i Sukces"},"content":{"rendered":"<p class=\"gwpf52aed1c_p3\"><span class=\"gwpf52aed1c_s5\">Bransoletka intencyjna <strong>Bogactwo i Sukces<br \/>\n<\/strong><\/span><span class=\"gwpf52aed1c_s3\">Kamienie:<\/span><strong><span class=\"gwpf52aed1c_s3\"> Cytryn \u2022 Awenturyn \u2022 Tygrysie Oko<\/span><\/strong><\/p>\n<p class=\"gwpf52aed1c_p3\"><span class=\"gwpf52aed1c_s3\"><strong>Bogactwo<\/strong>\u00a0zaczyna si\u0119 od wewn\u0119trznego nastawienia.<br \/>\n<strong>Sukces<\/strong> \u2013 od odwagi, by po niego si\u0119gn\u0105\u0107.<br \/>\n<\/span><span class=\"gwpf52aed1c_s3\">Zaprojektowana z my\u015bl\u0105 o osobach, kt\u00f3re s\u0105 gotowe przyci\u0105ga\u0107 dobrobyt, powodzenie i finansow\u0105 stabilno\u015b\u0107. Bransoletka\u00a0<\/span><span class=\"gwpf52aed1c_s2\">Sukces i Bogactwo<\/span><span class=\"gwpf52aed1c_s3\">\u00a0to kompozycja trzech kamieni naturalnych, kt\u00f3re wspieraj\u0105 w otwieraniu si\u0119 na pe\u0142ni\u0119 \u017cycia \u2013 z lekko\u015bci\u0105, odwag\u0105 i wewn\u0119trzn\u0105 moc\u0105:<\/span><\/p>\n<p class=\"gwpf52aed1c_p3\"><span class=\"gwpf52aed1c_s3\">\ud83d\udfe1\u00a0<\/span><strong><span class=\"gwpf52aed1c_s2\">Cytryn<\/span><\/strong><span class=\"gwpf52aed1c_s3\">\u00a0\u2013 promieniuje energi\u0105 bogactwa, kreatywno\u015bci i pozytywnego nastawienia. Uczy przyjmowa\u0107 sukces bez poczucia winy i przyci\u0105ga finansow\u0105 pomy\u015blno\u015b\u0107.<br \/>\n<\/span><span class=\"gwpf52aed1c_s3\">\ud83d\udc9a\u00a0<\/span><strong><span class=\"gwpf52aed1c_s2\">Awenturyn<\/span><\/strong><span class=\"gwpf52aed1c_s3\">\u00a0\u2013 kamie\u0144 nowych szans i harmonii. Wspiera podejmowanie w\u0142a\u015bciwych decyzji, \u0142agodzi napi\u0119cia i sprzyja wzrostowi \u2013 osobistemu i materialnemu.<br \/>\n<\/span><span class=\"gwpf52aed1c_s3\">\ud83d\udfe4\u00a0<\/span><strong><span class=\"gwpf52aed1c_s2\">Tygrysie Oko<\/span><\/strong><span class=\"gwpf52aed1c_s3\">\u00a0\u2013 stra\u017cnik wewn\u0119trznej si\u0142y i determinacji. Pomaga zachowa\u0107 klarowno\u015b\u0107 umys\u0142u i chroni przed wp\u0142ywami, kt\u00f3re mog\u0105 odci\u0105ga\u0107 Ci\u0119 od celu.<br \/>\n<\/span><span class=\"gwpf52aed1c_s3\">Noszona z intencj\u0105 sukcesu, bransoletka\u00a0<\/span><strong><span class=\"gwpf52aed1c_s2\">Sukces i Bogactwo<\/span><\/strong><span class=\"gwpf52aed1c_s3\">\u00a0mo\u017ce sta\u0107 si\u0119 Twoim osobistym talizmanem \u2013 wspieraj\u0105cym w budowaniu \u017cycia pe\u0142nego dobrobytu, odwagi i spe\u0142nienia.<\/span><\/p>\n<p class=\"gwpf52aed1c_p3\">\n","protected":false},"excerpt":{"rendered":"<p>Bransoletka z intencj\u0105<br \/>\nBogactwo i Sukces<\/p>\n<p class=\"gwpadee94ec_p3\"><span class=\"gwpadee94ec_s2\">Kwarc r\u00f3\u017cowy, Cytryn, Awenturyn<br \/>\nBransoletka na lince z zapi\u0119ciem makramowym<\/span><\/p>\n<p>Wykonanie:<br \/>\nKamienie naturalne<br \/>\nElementy ze stali szlachetnej poz\u0142acanej<\/p>\n<p class=\"gwpadee94ec_p3\">\n","protected":false},"featured_media":225,"comment_status":"open","ping_status":"closed","template":"","meta":[],"product_brand":[17],"product_cat":[21],"product_tag":[23,25,26,24],"class_list":{"0":"post-295","1":"product","2":"type-product","3":"status-publish","4":"has-post-thumbnail","6":"product_brand-tasunka","7":"product_cat-bizuteria-z-intencja","8":"product_tag-bizuteria","9":"product_tag-bizuteria-z-intencja","10":"product_tag-bransoletki","11":"product_tag-kamienie-naturalne","13":"first","14":"instock","15":"taxable","16":"shipping-taxable","17":"purchasable","18":"product-type-simple"},"jetpack_sharing_enabled":true,"_links":{"self":[{"href":"https:\/\/tasunka.pl\/index.php?rest_route=\/wp\/v2\/product\/295","targetHints":{"allow":["GET"]}}],"collection":[{"href":"https:\/\/tasunka.pl\/index.php?rest_route=\/wp\/v2\/product"}],"about":[{"href":"https:\/\/tasunka.pl\/index.php?rest_route=\/wp\/v2\/types\/product"}],"replies":[{"embeddable":true,"href":"https:\/\/tasunka.pl\/index.php?rest_route=%2Fwp%2Fv2%2Fcomments&post=295"}],"wp:featuredmedia":[{"embeddable":true,"href":"https:\/\/tasunka.pl\/index.php?rest_route=\/wp\/v2\/media\/225"}],"wp:attachment":[{"href":"https:\/\/tasunka.pl\/index.php?rest_route=%2Fwp%2Fv2%2Fmedia&parent=295"}],"wp:term":[{"taxonomy":"product_brand","embeddable":true,"href":"https:\/\/tasunka.pl\/index.php?rest_route=%2Fwp%2Fv2%2Fproduct_brand&post=295"},{"taxonomy":"product_cat","embeddable":true,"href":"https:\/\/tasunka.pl\/index.php?rest_route=%2Fwp%2Fv2%2Fproduct_cat&post=295"},{"taxonomy":"product_tag","embeddable":true,"href":"https:\/\/tasunka.pl\/index.php?rest_route=%2Fwp%2Fv2%2Fproduct_tag&post=295"}],"curies":[{"name":"wp","href":"https:\/\/api.w.org\/{rel}","templated":true}]}}